{"id":4865,"date":"2026-03-09T12:52:56","date_gmt":"2026-03-09T16:52:56","guid":{"rendered":"https:\/\/pcnb.ca\/?post_type=tribe_events&#038;p=4865"},"modified":"2026-03-09T12:52:56","modified_gmt":"2026-03-09T16:52:56","slug":"progressive-conservative-conversations","status":"publish","type":"tribe_events","link":"https:\/\/pcnb.ca\/fr\/event\/progressive-conservative-conversations\/","title":{"rendered":"Caf\u00e9s-rencontres progressistes-conservateurs"},"content":{"rendered":"<p><strong>Une initiative communautaire du PCNB dans le Sud-Est<\/strong><\/p>\n<p>Joignez-vous \u00e0 nous pour un caf\u00e9 et une discussion lors de la premi\u00e8re \u00e9dition des Caf\u00e9s-rencontres progressistes-conservateurs dans la r\u00e9gion du Sud-Est.<\/p>\n<p>Lors de cette rencontre, le chef par int\u00e9rim du PCNB, Glen Savoie, partagera ses r\u00e9flexions sur l\u2019ouverture de la L\u00e9gislature du Nouveau-Brunswick, ainsi que sur les priorit\u00e9s et l\u2019orientation du caucus progressiste-conservateur.<\/p>\n<p>&nbsp;<\/p>\n<p><strong>D\u00c9TAILS DE L'\u00c9V\u00c9NEMENT<\/strong><\/p>\n<p><strong>\ud83d\udcc5\u00a0<\/strong>samedi 11 avril<\/p>\n<p><strong>\u23f0\u00a0<\/strong>9 h \u00e0 9 h 45<br \/>\nInscription \u2022 Caf\u00e9 et muffins \u2022 R\u00e9seautage<\/p>\n<p>\u23f0 9 h 45<br \/>\nPr\u00e9sentation de Glen Savoie<\/p>\n<p>\u23f0 10 h 10 \u00e0 10 h 30<br \/>\nDiscussion et mot de cl\u00f4ture<\/p>\n<p>&nbsp;<\/p>\n<p>\ud83d\udcbc\u00a0<strong>Vous aimeriez vous joindre \u00e0 notre \u00e9quipe?<\/strong><\/p>\n<p>Pour plus d\u2019information, communiquez avec Joanne Saulnier :<\/p>\n<p>\ud83d\udce7 info@pcnb.ca<\/p>\n<p>&nbsp;<\/p>\n<p><strong>LIEU<\/strong><\/p>\n<p><strong>\ud83d\udccd\u00a0<\/strong>Moncton Press Club<\/p>\n<p>\ud83d\udccd 160, boul. Assomption<\/p>\n<p>\ud83d\udccd Moncton, (N.-B.)<\/p>\n<p>&nbsp;<\/p>\n<p><strong>OUVERT \u00c0 TOUS \u2022 \u00c9V\u00c9NEMENT GRATUIT<\/strong><\/p>\n<p>Il n\u2019est pas n\u00e9cessaire d\u2019\u00eatre membre du PCNB pour participer.<\/p>\n<p>Nous accueillons toutes les personnes qui souhaitent en apprendre davantage sur la vision progressiste-conservatrice pour le Nouveau-Brunswick.<\/p>\n<p>Du caf\u00e9 et des rafra\u00eechissements l\u00e9gers seront servis.<\/p>","protected":false},"excerpt":{"rendered":"<p>A PCNB Southeast Community Coffee Series Join us for coffee and conversation as we gather for the first installment of Progressive Conservative Conversations in the Southeast region. The focus of [&hellip;]<\/p>","protected":false},"author":8,"featured_media":1895,"template":"","meta":{"_tribe_events_status":"","_tribe_events_status_reason":"","footnotes":""},"tags":[],"tribe_events_cat":[],"class_list":["post-4865","tribe_events","type-tribe_events","status-publish","has-post-thumbnail","hentry"],"_links":{"self":[{"href":"https:\/\/pcnb.ca\/fr\/wp-json\/wp\/v2\/tribe_events\/4865","targetHints":{"allow":["GET"]}}],"collection":[{"href":"https:\/\/pcnb.ca\/fr\/wp-json\/wp\/v2\/tribe_events"}],"about":[{"href":"https:\/\/pcnb.ca\/fr\/wp-json\/wp\/v2\/types\/tribe_events"}],"author":[{"embeddable":true,"href":"https:\/\/pcnb.ca\/fr\/wp-json\/wp\/v2\/users\/8"}],"version-history":[{"count":1,"href":"https:\/\/pcnb.ca\/fr\/wp-json\/wp\/v2\/tribe_events\/4865\/revisions"}],"predecessor-version":[{"id":4866,"href":"https:\/\/pcnb.ca\/fr\/wp-json\/wp\/v2\/tribe_events\/4865\/revisions\/4866"}],"wp:featuredmedia":[{"embeddable":true,"href":"https:\/\/pcnb.ca\/fr\/wp-json\/wp\/v2\/media\/1895"}],"wp:attachment":[{"href":"https:\/\/pcnb.ca\/fr\/wp-json\/wp\/v2\/media?parent=4865"}],"wp:term":[{"taxonomy":"post_tag","embeddable":true,"href":"https:\/\/pcnb.ca\/fr\/wp-json\/wp\/v2\/tags?post=4865"},{"taxonomy":"tribe_events_cat","embeddable":true,"href":"https:\/\/pcnb.ca\/fr\/wp-json\/wp\/v2\/tribe_events_cat?post=4865"}],"curies":[{"name":"wp","href":"https:\/\/api.w.org\/{rel}","templated":true}]}}

Cafés-rencontres progressistes-conservateurs

<p><strong>Une initiative communautaire du PCNB dans le Sud-Est</strong></p>
<p>Joignez-vous à nous pour un café et une discussion lors de la première édition des Cafés-rencontres progressistes-conservateurs dans la région du Sud-Est.</p>
<p>Lors de cette rencontre, le chef par intérim du PCNB, Glen Savoie, partagera ses réflexions sur l’ouverture de la Législature du Nouveau-Brunswick, ainsi que sur les priorités et l’orientation du caucus progressiste-conservateur.</p>
<p>&nbsp;</p>
<p><strong>DÉTAILS DE L'ÉVÉNEMENT</strong></p>
<p><strong>📅 </strong>samedi 11 avril</p>
<p><strong>⏰ </strong>9 h à 9 h 45<br />
Inscription • Café et muffins • Réseautage</p>
<p>⏰ 9 h 45<br />
Présentation de Glen Savoie</p>
<p>⏰ 10 h 10 à 10 h 30<br />
Discussion et mot de clôture</p>
<p>&nbsp;</p>
<p>💼 <strong>Vous aimeriez vous joindre à notre équipe?</strong></p>
<p>Pour plus d’information, communiquez avec Joanne Saulnier :</p>
<p>📧 info@pcnb.ca</p>
<p>&nbsp;</p>
<p><strong>LIEU</strong></p>
<p><strong>📍 </strong>Moncton Press Club</p>
<p>📍 160, boul. Assomption</p>
<p>📍 Moncton, (N.-B.)</p>
<p>&nbsp;</p>
<p><strong>OUVERT À TOUS • ÉVÉNEMENT GRATUIT</strong></p>
<p>Il n’est pas nécessaire d’être membre du PCNB pour participer.</p>
<p>Nous accueillons toutes les personnes qui souhaitent en apprendre davantage sur la vision progressiste-conservatrice pour le Nouveau-Brunswick.</p>
<p>Du café et des rafraîchissements légers seront servis.</p>
